{"id":139,"date":"2025-11-21T08:00:08","date_gmt":"2025-11-21T08:00:08","guid":{"rendered":"https:\/\/www.aliburaksan.com\/blog\/?page_id=139"},"modified":"2025-11-22T03:51:46","modified_gmt":"2025-11-22T03:51:46","slug":"hakkimda","status":"publish","type":"page","link":"https:\/\/www.aliburaksan.com\/blog\/hakkimda\/","title":{"rendered":"Hakk\u0131mda"},"content":{"rendered":"\n<h2>Merhaba, Ben Ali Burak \u015ean (k\u0131saca AB\u015e)<\/h2>\n<p>Teknoloji d\u00fcnyas\u0131na duydu\u011fum merakla ba\u015flayan yolculu\u011fum, bug\u00fcn profesyonel bir <strong>IT Uzman\u0131 (Bilgi Teknolojileri)<\/strong> olarak devam ediyor. Yakla\u015f\u0131k 2 y\u0131ld\u0131r sekt\u00f6r\u00fcn i\u00e7indeyim; sistem y\u00f6netimi, a\u011f g\u00fcvenli\u011fi ve otomasyon s\u00fcre\u00e7leri \u00fczerine kendimi geli\u015ftirmeye devam ediyorum.<\/p>\n\n<h3>Neler Yap\u0131yorum?<\/h3>\n<p>G\u00fcncel olarak kurumsal bir firmada IT Uzman\u0131 olarak \u00e7al\u0131\u015f\u0131yorum. Altyap\u0131lar\u0131n y\u00f6netimi, Help Desk ve \u00fcretim alanlar\u0131nda meydana gelen sorun\/ar\u0131zalara \u00e7\u00f6z\u00fcm \u00fcretiyorum. Ayn\u0131 zamanda sistemlerin iyile\u015ftirilmesi \u00fczerine projeler geli\u015ftiriyorum. \u00d6zellikle <strong>Python<\/strong> ile geli\u015ftirdi\u011fim otomasyon botlar\u0131 ve sistem ara\u00e7lar\u0131 (VNC Controller, Stok Takip vb.) sayesinde manuel ve karma\u015f\u0131k s\u00fcre\u00e7leri minimuma indirmeyi hedefliyorum.<\/p>\n\n<h3>Bu Blogun Amac\u0131 Ne?<\/h3>\n<p><strong>aliburaksan.com<\/strong>, benim i\u00e7in sadece bir portfolyo de\u011fil, ayn\u0131 zamanda dijital bir not defteridir. Burada:<\/p>\n<ul>\n    <li>Kar\u015f\u0131la\u015ft\u0131\u011f\u0131m teknik sorunlar\u0131n \u00e7\u00f6z\u00fcmlerini,<\/li>\n    <li>Sistem y\u00f6netimi (Linux, Windows Server) ipu\u00e7lar\u0131n\u0131,<\/li>\n    <li>Python ile geli\u015ftirdi\u011fim a\u00e7\u0131k kaynak projeleri,<\/li>\n    <li>Ve g\u00fcncel teknoloji incelemelerini payla\u015f\u0131yorum.<\/li>\n<\/ul>\n\n<h3>Yetkinliklerim ve Ara\u00e7 \u00c7antam<\/h3>\n<ul>\n    <li><strong>Diller:<\/strong> Python, SQL<\/li>\n    <li><strong>Sistem:<\/strong> Windows Server, Linux, Active Directory<\/li>\n    <li><strong>Web:<\/strong> WordPress, SEO Optimizasyonu, HTML\/CSS\/JS<\/li>\n    <li><strong>Ara\u00e7lar:<\/strong> Git, VS Code<\/li>\n<\/ul>\n\n<h3>\u0130leti\u015fim<\/h3>\n<p>Projeleriniz ve sormak istedikleriniz i\u00e7in benimle ileti\u015fime ge\u00e7mekten \u00e7ekinmeyin. Bana <a href=\"https:\/\/www.aliburaksan.com\/blog\/iletisim\">\u0130leti\u015fim Sayfas\u0131<\/a> \u00fczerinden ula\u015fabilirsiniz.<\/p>\n","protected":false},"excerpt":{"rendered":"<p>K\u0131saca ben kimim? Ne i\u015f yapar, neleri kullan\u0131r\u0131m? Hakk\u0131mda bir\u00e7ok bilgi edinmek i\u00e7in mutlaka okuyun!<\/p>\n","protected":false},"author":1,"featured_media":0,"parent":0,"menu_order":0,"comment_status":"closed","ping_status":"closed","template":"","meta":{"footnotes":""},"class_list":["post-139","page","type-page","status-publish","hentry"],"blocksy_meta":[],"yoast_head":"<!-- This site is optimized with the Yoast SEO plugin v26.4 - https:\/\/yoast.com\/wordpress\/plugins\/seo\/ -->\n<title>Hakk\u0131mda - Ali Burak \u015ean<\/title>\n<meta name=\"description\" content=\"K\u0131saca kimdir bu? Ne i\u015f yapar, neleri kullan\u0131r? Hakk\u0131mda bir\u00e7ok bilgi edinmek i\u00e7in mutlaka okuyun!\" \/>\n<meta name=\"robots\" content=\"index, follow, max-snippet:-1, max-image-preview:large, max-video-preview:-1\" \/>\n<link rel=\"canonical\" href=\"https:\/\/www.aliburaksan.com\/blog\/hakkimda\/\" \/>\n<meta property=\"og:locale\" content=\"tr_TR\" \/>\n<meta property=\"og:type\" content=\"article\" \/>\n<meta property=\"og:title\" content=\"Hakk\u0131mda - Ali Burak \u015ean\" \/>\n<meta property=\"og:description\" content=\"K\u0131saca kimdir bu? Ne i\u015f yapar, neleri kullan\u0131r? Hakk\u0131mda bir\u00e7ok bilgi edinmek i\u00e7in mutlaka okuyun!\" \/>\n<meta property=\"og:url\" content=\"https:\/\/www.aliburaksan.com\/blog\/hakkimda\/\" \/>\n<meta property=\"og:site_name\" content=\"Ali Burak \u015ean\" \/>\n<meta property=\"article:modified_time\" content=\"2025-11-22T03:51:46+00:00\" \/>\n<meta name=\"twitter:card\" content=\"summary_large_image\" \/>\n<meta name=\"twitter:label1\" content=\"Tahmini okuma s\u00fcresi\" \/>\n\t<meta name=\"twitter:data1\" content=\"2 dakika\" \/>\n<script type=\"application\/ld+json\" class=\"yoast-schema-graph\">{\"@context\":\"https:\/\/schema.org\",\"@graph\":[{\"@type\":\"WebPage\",\"@id\":\"https:\/\/www.aliburaksan.com\/blog\/hakkimda\/\",\"url\":\"https:\/\/www.aliburaksan.com\/blog\/hakkimda\/\",\"name\":\"Hakk\u0131mda - Ali Burak \u015ean\",\"isPartOf\":{\"@id\":\"https:\/\/www.aliburaksan.com\/blog\/#website\"},\"datePublished\":\"2025-11-21T08:00:08+00:00\",\"dateModified\":\"2025-11-22T03:51:46+00:00\",\"description\":\"K\u0131saca kimdir bu? Ne i\u015f yapar, neleri kullan\u0131r? Hakk\u0131mda bir\u00e7ok bilgi edinmek i\u00e7in mutlaka okuyun!\",\"breadcrumb\":{\"@id\":\"https:\/\/www.aliburaksan.com\/blog\/hakkimda\/#breadcrumb\"},\"inLanguage\":\"tr\",\"potentialAction\":[{\"@type\":\"ReadAction\",\"target\":[\"https:\/\/www.aliburaksan.com\/blog\/hakkimda\/\"]}]},{\"@type\":\"BreadcrumbList\",\"@id\":\"https:\/\/www.aliburaksan.com\/blog\/hakkimda\/#breadcrumb\",\"itemListElement\":[{\"@type\":\"ListItem\",\"position\":1,\"name\":\"Anasayfa\",\"item\":\"https:\/\/www.aliburaksan.com\/blog\/\"},{\"@type\":\"ListItem\",\"position\":2,\"name\":\"Hakk\u0131mda\"}]},{\"@type\":\"WebSite\",\"@id\":\"https:\/\/www.aliburaksan.com\/blog\/#website\",\"url\":\"https:\/\/www.aliburaksan.com\/blog\/\",\"name\":\"Dijital Nab\u0131z \u2013 IT Haberleri\",\"description\":\"IT, Sistem Y\u00f6netimi ve Teknoloji G\u00fcnl\u00fc\u011f\u00fc\",\"publisher\":{\"@id\":\"https:\/\/www.aliburaksan.com\/blog\/#\/schema\/person\/ddc80da203b66794d3a1b568035ff3c2\"},\"potentialAction\":[{\"@type\":\"SearchAction\",\"target\":{\"@type\":\"EntryPoint\",\"urlTemplate\":\"https:\/\/www.aliburaksan.com\/blog\/?s={search_term_string}\"},\"query-input\":{\"@type\":\"PropertyValueSpecification\",\"valueRequired\":true,\"valueName\":\"search_term_string\"}}],\"inLanguage\":\"tr\"},{\"@type\":[\"Person\",\"Organization\"],\"@id\":\"https:\/\/www.aliburaksan.com\/blog\/#\/schema\/person\/ddc80da203b66794d3a1b568035ff3c2\",\"name\":\"abs_administrator45_\",\"image\":{\"@type\":\"ImageObject\",\"inLanguage\":\"tr\",\"@id\":\"https:\/\/www.aliburaksan.com\/blog\/#\/schema\/person\/image\/\",\"url\":\"https:\/\/secure.gravatar.com\/avatar\/0f7cbec178a59b3ec0e9b0732417e32803d988a369cc745ef68a7143376120ab?s=96&d=mm&r=g\",\"contentUrl\":\"https:\/\/secure.gravatar.com\/avatar\/0f7cbec178a59b3ec0e9b0732417e32803d988a369cc745ef68a7143376120ab?s=96&d=mm&r=g\",\"caption\":\"abs_administrator45_\"},\"logo\":{\"@id\":\"https:\/\/www.aliburaksan.com\/blog\/#\/schema\/person\/image\/\"},\"sameAs\":[\"http:\/\/www.aliburaksan.com\/blog\"]}]}<\/script>\n<!-- \/ Yoast SEO plugin. -->","yoast_head_json":{"title":"Hakk\u0131mda - Ali Burak \u015ean","description":"K\u0131saca kimdir bu? Ne i\u015f yapar, neleri kullan\u0131r? Hakk\u0131mda bir\u00e7ok bilgi edinmek i\u00e7in mutlaka okuyun!","robots":{"index":"index","follow":"follow","max-snippet":"max-snippet:-1","max-image-preview":"max-image-preview:large","max-video-preview":"max-video-preview:-1"},"canonical":"https:\/\/www.aliburaksan.com\/blog\/hakkimda\/","og_locale":"tr_TR","og_type":"article","og_title":"Hakk\u0131mda - Ali Burak \u015ean","og_description":"K\u0131saca kimdir bu? Ne i\u015f yapar, neleri kullan\u0131r? Hakk\u0131mda bir\u00e7ok bilgi edinmek i\u00e7in mutlaka okuyun!","og_url":"https:\/\/www.aliburaksan.com\/blog\/hakkimda\/","og_site_name":"Ali Burak \u015ean","article_modified_time":"2025-11-22T03:51:46+00:00","twitter_card":"summary_large_image","twitter_misc":{"Tahmini okuma s\u00fcresi":"2 dakika"},"schema":{"@context":"https:\/\/schema.org","@graph":[{"@type":"WebPage","@id":"https:\/\/www.aliburaksan.com\/blog\/hakkimda\/","url":"https:\/\/www.aliburaksan.com\/blog\/hakkimda\/","name":"Hakk\u0131mda - Ali Burak \u015ean","isPartOf":{"@id":"https:\/\/www.aliburaksan.com\/blog\/#website"},"datePublished":"2025-11-21T08:00:08+00:00","dateModified":"2025-11-22T03:51:46+00:00","description":"K\u0131saca kimdir bu? Ne i\u015f yapar, neleri kullan\u0131r? Hakk\u0131mda bir\u00e7ok bilgi edinmek i\u00e7in mutlaka okuyun!","breadcrumb":{"@id":"https:\/\/www.aliburaksan.com\/blog\/hakkimda\/#breadcrumb"},"inLanguage":"tr","potentialAction":[{"@type":"ReadAction","target":["https:\/\/www.aliburaksan.com\/blog\/hakkimda\/"]}]},{"@type":"BreadcrumbList","@id":"https:\/\/www.aliburaksan.com\/blog\/hakkimda\/#breadcrumb","itemListElement":[{"@type":"ListItem","position":1,"name":"Anasayfa","item":"https:\/\/www.aliburaksan.com\/blog\/"},{"@type":"ListItem","position":2,"name":"Hakk\u0131mda"}]},{"@type":"WebSite","@id":"https:\/\/www.aliburaksan.com\/blog\/#website","url":"https:\/\/www.aliburaksan.com\/blog\/","name":"Dijital Nab\u0131z \u2013 IT Haberleri","description":"IT, Sistem Y\u00f6netimi ve Teknoloji G\u00fcnl\u00fc\u011f\u00fc","publisher":{"@id":"https:\/\/www.aliburaksan.com\/blog\/#\/schema\/person\/ddc80da203b66794d3a1b568035ff3c2"},"potentialAction":[{"@type":"SearchAction","target":{"@type":"EntryPoint","urlTemplate":"https:\/\/www.aliburaksan.com\/blog\/?s={search_term_string}"},"query-input":{"@type":"PropertyValueSpecification","valueRequired":true,"valueName":"search_term_string"}}],"inLanguage":"tr"},{"@type":["Person","Organization"],"@id":"https:\/\/www.aliburaksan.com\/blog\/#\/schema\/person\/ddc80da203b66794d3a1b568035ff3c2","name":"abs_administrator45_","image":{"@type":"ImageObject","inLanguage":"tr","@id":"https:\/\/www.aliburaksan.com\/blog\/#\/schema\/person\/image\/","url":"https:\/\/secure.gravatar.com\/avatar\/0f7cbec178a59b3ec0e9b0732417e32803d988a369cc745ef68a7143376120ab?s=96&d=mm&r=g","contentUrl":"https:\/\/secure.gravatar.com\/avatar\/0f7cbec178a59b3ec0e9b0732417e32803d988a369cc745ef68a7143376120ab?s=96&d=mm&r=g","caption":"abs_administrator45_"},"logo":{"@id":"https:\/\/www.aliburaksan.com\/blog\/#\/schema\/person\/image\/"},"sameAs":["http:\/\/www.aliburaksan.com\/blog"]}]}},"_links":{"self":[{"href":"https:\/\/www.aliburaksan.com\/blog\/wp-json\/wp\/v2\/pages\/139","targetHints":{"allow":["GET"]}}],"collection":[{"href":"https:\/\/www.aliburaksan.com\/blog\/wp-json\/wp\/v2\/pages"}],"about":[{"href":"https:\/\/www.aliburaksan.com\/blog\/wp-json\/wp\/v2\/types\/page"}],"author":[{"embeddable":true,"href":"https:\/\/www.aliburaksan.com\/blog\/wp-json\/wp\/v2\/users\/1"}],"replies":[{"embeddable":true,"href":"https:\/\/www.aliburaksan.com\/blog\/wp-json\/wp\/v2\/comments?post=139"}],"version-history":[{"count":4,"href":"https:\/\/www.aliburaksan.com\/blog\/wp-json\/wp\/v2\/pages\/139\/revisions"}],"predecessor-version":[{"id":246,"href":"https:\/\/www.aliburaksan.com\/blog\/wp-json\/wp\/v2\/pages\/139\/revisions\/246"}],"wp:attachment":[{"href":"https:\/\/www.aliburaksan.com\/blog\/wp-json\/wp\/v2\/media?parent=139"}],"curies":[{"name":"wp","href":"https:\/\/api.w.org\/{rel}","templated":true}]}}